{"id":523,"date":"2025-12-12T17:40:15","date_gmt":"2025-12-12T16:40:15","guid":{"rendered":"https:\/\/ecociateurs.fr\/?page_id=523"},"modified":"2026-04-09T11:47:56","modified_gmt":"2026-04-09T09:47:56","slug":"formation-tout-public","status":"publish","type":"page","link":"https:\/\/ecociateurs.fr\/index.php\/formation-tout-public\/","title":{"rendered":"Formation tout public"},"content":{"rendered":"\n<figure class=\"wp-block-image size-full\"><img loading=\"lazy\" decoding=\"async\" width=\"606\" height=\"60\" src=\"https:\/\/ecociateurs.fr\/wp-content\/uploads\/2025\/12\/Capture-decran-616.png\" alt=\"\" class=\"wp-image-524\" srcset=\"https:\/\/ecociateurs.fr\/wp-content\/uploads\/2025\/12\/Capture-decran-616.png 606w, https:\/\/ecociateurs.fr\/wp-content\/uploads\/2025\/12\/Capture-decran-616-300x30.png 300w\" sizes=\"auto, (max-width: 606px) 100vw, 606px\" \/><\/figure>\n\n\n\n<details class=\"wp-block-details has-primary-color has-text-color has-link-color wp-elements-ed1a5c7d0110ae691e0549aec6f4a9dd is-layout-flow wp-block-details-is-layout-flow\"><summary><strong>D\u00e9couverte de l&#8217;\u00e9com\u00e9diation<\/strong> (gratuit)<\/summary>\n<div class=\"wp-block-group is-layout-constrained wp-block-group-is-layout-constrained\">\n<div class=\"wp-block-group is-layout-constrained wp-block-group-is-layout-constrained\">\n<p class=\"has-text-align-left\">Niveau : tout public<\/p>\n\n\n\n<p class=\"has-text-align-left\">Dur\u00e9e : 1h00<\/p>\n\n\n\n<p class=\"has-text-align-left\">Tarif : Gratuit<\/p>\n\n\n\n<details class=\"wp-block-details is-layout-flow wp-block-details-is-layout-flow\"><summary>Contenu<\/summary>\n<p>Module 0 &#8211; Pr\u00e9sentation de l&#8217;\u00e9com\u00e9diation<\/p>\n\n\n\n<p>Module 1 &#8211; Comprendre le cadre, le contexte, la raison d&#8217;\u00eatre de l&#8217;\u00e9com\u00e9diation<\/p>\n\n\n\n<p>Module 2 &#8211; O\u00f9, quand et comment solliciter une \u00e9com\u00e9diation ?<\/p>\n<\/details>\n<\/div>\n<\/div>\n<\/details>\n\n\n\n<p class=\"has-primary-color has-text-color has-link-color wp-elements-44abaa7f42a884ea9b1034c0ee501051\"><em>Prochaine date : Vendredi 6 mars 2026 de 11h00 \u00e0 12h00 <\/em><\/p>\n\n\n\n<div class=\"wp-block-buttons is-content-justification-center is-layout-flex wp-container-core-buttons-is-layout-a89b3969 wp-block-buttons-is-layout-flex\">\n<div class=\"wp-block-button\"><a class=\"wp-block-button__link has-primary-color has-pale-ocean-gradient-background has-text-color has-background has-link-color wp-element-button\" href=\"#inscriptions\" style=\"border-top-left-radius:100px;border-top-right-radius:100px;border-bottom-left-radius:100px;border-bottom-right-radius:100px;padding-top:var(--wp--preset--spacing--20);padding-right:var(--wp--preset--spacing--50);padding-bottom:var(--wp--preset--spacing--20);padding-left:var(--wp--preset--spacing--50)\">S&#8217;inscrire<\/a><\/div>\n<\/div>\n\n\n\n<details class=\"wp-block-details has-primary-color has-text-color has-link-color wp-elements-67642b384b3d27afd23990c680836cbe is-layout-flow wp-block-details-is-layout-flow\"><summary><strong>D\u00e9couverte de l&#8217;\u00e9com\u00e9diation (niveau 1 et 2)<\/strong><\/summary>\n<p>Niveau : 1 et 2 &#8211; public impliqu\u00e9<\/p>\n\n\n\n<p>Dur\u00e9e : 12h<\/p>\n\n\n\n<p>Tarif : 350\u20ac<\/p>\n\n\n\n<details class=\"wp-block-details is-layout-flow wp-block-details-is-layout-flow\"><summary>Contenu<\/summary>\n<p>Niveau 1 (6h)<\/p>\n\n\n\n<p>Cette formation vous aide \u00e0 comprendre comment int\u00e9grer le non-humain dans vos instances de prises de d\u00e9cisions, qu&#8217;elles soient publiques ou priv\u00e9es.<br>Vous apprendrez, pas \u00e0 pas, \u00e0 changer de regard et \u00e0 passer d\u2019une mani\u00e8re de voir le monde centr\u00e9e sur l\u2019humain, \u00e0 une vision qui prend aussi en compte la nature, le patrimoine, les g\u00e9n\u00e9rations futures&#8230;<\/p>\n\n\n\n<p>Vous disposerez d&#8217;exemples concrets, de rep\u00e8res simples et d&#8217;outils pratiques pour vous permettre d&#8217;op\u00e9rer ce changement dans vos pratiques.<\/p>\n\n\n\n<p>Niveau 2 (6h)<\/p>\n\n\n\n<p>Vous apprendrez ensuite \u00e0 mettre en place un cadre d&#8217;\u00e9com\u00e9diation au sein de votre environnement ou de votre organisation (entreprises, territoires, \u00e9coles&#8230;). Vous saurez identifier les conditions n\u00e9cessaires \u00e0 la conduite d&#8217;une \u00e9com\u00e9diation et disposerez d&#8217;outils pour instaurer une Nouvelle Instance de Dialogue (NID) permettant un espace de dialogue s\u00e9curis\u00e9 et hors du cadre.<\/p>\n<\/details>\n<\/details>\n\n\n\n<p class=\"has-primary-color has-text-color has-link-color wp-elements-56d77039e2d933a95bf9dc53f5543478\"><em>Prochaines dates :<\/em> 27 &#8211; 28 avril 2026 (en ligne)<\/p>\n\n\n\n<div class=\"wp-block-buttons is-content-justification-center is-layout-flex wp-container-core-buttons-is-layout-a89b3969 wp-block-buttons-is-layout-flex\">\n<div class=\"wp-block-button\"><a class=\"wp-block-button__link has-primary-color has-pale-ocean-gradient-background has-text-color has-background has-link-color wp-element-button\" style=\"border-top-left-radius:100px;border-top-right-radius:100px;border-bottom-left-radius:100px;border-bottom-right-radius:100px\">S&#8217;inscrire<\/a><\/div>\n<\/div>\n\n\n\n<div class=\"wp-block-group is-layout-constrained wp-block-group-is-layout-constrained\">\n<details class=\"wp-block-details has-primary-color has-text-color has-link-color wp-elements-7c721241dc16bff43397c56a1b38aeab is-layout-flow wp-block-details-is-layout-flow\"><summary><strong>Devenir \u00e9cociateurs<\/strong><\/summary>\n<p>Niveau 3 : public expert <\/p>\n\n\n\n<p>30h : 2 s\u00e9minaires immersifs en pr\u00e9sentiel (2,5j)<\/p>\n\n\n\n<p>Tarif : 1500\u20ac <\/p>\n\n\n\n<p>Condition de participation : \u00eatre form\u00e9 \u00e0 la facilitation ou \u00e0 la m\u00e9diation et \u00eatre d\u00e9j\u00e0 initi\u00e9 \u00e0 l&#8217;\u00e9com\u00e9diation (validation des niveaux 1 et 2)<\/p>\n\n\n\n<p>Programme de 30h certifiant :<\/p>\n\n\n\n<p>Obtention du Certificat d&#8217;\u00e9cociateurs, int\u00e9gration d&#8217;un r\u00e9seau d&#8217;acteurs<\/p>\n\n\n\n<p>D\u00e9tails du contenu sur demande : ecociateurs@gmail.com<\/p>\n<\/details>\n<\/div>\n\n\n\n<p class=\"has-primary-color has-text-color has-link-color wp-elements-6273cf4c7e29ee764e3cda32cc02e2ec\">Prochaines dates en pr\u00e9sentiel : 18 et 19 juin 2026 et 17-18 septembre 2026<\/p>\n\n\n\n<hr class=\"wp-block-separator has-alpha-channel-opacity\"\/>\n\n\n\n<p id=\"inscriptions\">Pour vous inscrire, envoyez un email 10 jours avant le d\u00e9but de votre formation \u00e0 ecociateurs@gmail.com.<\/p>\n\n\n\n<p>Vous recevrez ensuite le contenu d\u00e9taill\u00e9 de la formation, les modalit\u00e9s de paiement et la validation de l\u2019inscription.<\/p>\n\n\n\n<p>[Pour les formations en pr\u00e9sentiel, elles ne pourrons avoir lieu que si un minimum de 8 personnes s\u2019y inscrivent]<\/p>\n\n\n\n<p><em>Processus en ligne, ouvert et interactif&nbsp;: Des temps de questions et d\u2019\u00e9changes viendront alimenter notre cheminement<\/em><\/p>\n\n\n\n<p><\/p>\n","protected":false},"excerpt":{"rendered":"<p>Prochaine date : Vendredi 6 mars 2026 de 11h00 \u00e0 12h00 Prochaines dates : 27 &#8211; 28 avril 2026 (en ligne) Prochaines dates en pr\u00e9sentiel : 18 et 19 juin 2026 et 17-18 septembre 2026 Pour vous inscrire, envoyez un email 10 jours avant le d\u00e9but de votre formation \u00e0 ecociateurs@gmail.com. Vous recevrez ensuite le [&hellip;]<\/p>\n","protected":false},"author":2,"featured_media":0,"parent":0,"menu_order":0,"comment_status":"closed","ping_status":"closed","template":"","meta":{"footnotes":""},"class_list":["post-523","page","type-page","status-publish","hentry"],"_links":{"self":[{"href":"https:\/\/ecociateurs.fr\/index.php\/wp-json\/wp\/v2\/pages\/523","targetHints":{"allow":["GET"]}}],"collection":[{"href":"https:\/\/ecociateurs.fr\/index.php\/wp-json\/wp\/v2\/pages"}],"about":[{"href":"https:\/\/ecociateurs.fr\/index.php\/wp-json\/wp\/v2\/types\/page"}],"author":[{"embeddable":true,"href":"https:\/\/ecociateurs.fr\/index.php\/wp-json\/wp\/v2\/users\/2"}],"replies":[{"embeddable":true,"href":"https:\/\/ecociateurs.fr\/index.php\/wp-json\/wp\/v2\/comments?post=523"}],"version-history":[{"count":12,"href":"https:\/\/ecociateurs.fr\/index.php\/wp-json\/wp\/v2\/pages\/523\/revisions"}],"predecessor-version":[{"id":615,"href":"https:\/\/ecociateurs.fr\/index.php\/wp-json\/wp\/v2\/pages\/523\/revisions\/615"}],"wp:attachment":[{"href":"https:\/\/ecociateurs.fr\/index.php\/wp-json\/wp\/v2\/media?parent=523"}],"curies":[{"name":"wp","href":"https:\/\/api.w.org\/{rel}","templated":true}]}}

<figure class="wp-block-image size-full"><img loading="lazy" decoding="async" width="606" height="60" src="https://ecociateurs.fr/wp-content/uploads/2025/12/Capture-decran-616.png" alt="" class="wp-image-524" srcset="https://ecociateurs.fr/wp-content/uploads/2025/12/Capture-decran-616.png 606w, https://ecociateurs.fr/wp-content/uploads/2025/12/Capture-decran-616-300x30.png 300w" sizes="auto, (max-width: 606px) 100vw, 606px" /></figure>



<details class="wp-block-details has-primary-color has-text-color has-link-color wp-elements-ed1a5c7d0110ae691e0549aec6f4a9dd is-layout-flow wp-block-details-is-layout-flow"><summary><strong>Découverte de l&#8217;écomédiation</strong> (gratuit)</summary>
<div class="wp-block-group is-layout-constrained wp-block-group-is-layout-constrained">
<div class="wp-block-group is-layout-constrained wp-block-group-is-layout-constrained">
<p class="has-text-align-left">Niveau : tout public</p>



<p class="has-text-align-left">Durée : 1h00</p>



<p class="has-text-align-left">Tarif : Gratuit</p>



<details class="wp-block-details is-layout-flow wp-block-details-is-layout-flow"><summary>Contenu</summary>
<p>Module 0 &#8211; Présentation de l&#8217;écomédiation</p>



<p>Module 1 &#8211; Comprendre le cadre, le contexte, la raison d&#8217;être de l&#8217;écomédiation</p>



<p>Module 2 &#8211; Où, quand et comment solliciter une écomédiation ?</p>
</details>
</div>
</div>
</details>



<p class="has-primary-color has-text-color has-link-color wp-elements-44abaa7f42a884ea9b1034c0ee501051"><em>Prochaine date : Vendredi 6 mars 2026 de 11h00 à 12h00 </em></p>



<div class="wp-block-buttons is-content-justification-center is-layout-flex wp-container-core-buttons-is-layout-a89b3969 wp-block-buttons-is-layout-flex">
<div class="wp-block-button"><a class="wp-block-button__link has-primary-color has-pale-ocean-gradient-background has-text-color has-background has-link-color wp-element-button" href="#inscriptions" style="border-top-left-radius:100px;border-top-right-radius:100px;border-bottom-left-radius:100px;border-bottom-right-radius:100px;padding-top:var(--wp--preset--spacing--20);padding-right:var(--wp--preset--spacing--50);padding-bottom:var(--wp--preset--spacing--20);padding-left:var(--wp--preset--spacing--50)">S&#8217;inscrire</a></div>
</div>



<details class="wp-block-details has-primary-color has-text-color has-link-color wp-elements-67642b384b3d27afd23990c680836cbe is-layout-flow wp-block-details-is-layout-flow"><summary><strong>Découverte de l&#8217;écomédiation (niveau 1 et 2)</strong></summary>
<p>Niveau : 1 et 2 &#8211; public impliqué</p>



<p>Durée : 12h</p>



<p>Tarif : 350€</p>



<details class="wp-block-details is-layout-flow wp-block-details-is-layout-flow"><summary>Contenu</summary>
<p>Niveau 1 (6h)</p>



<p>Cette formation vous aide à comprendre comment intégrer le non-humain dans vos instances de prises de décisions, qu&#8217;elles soient publiques ou privées.<br>Vous apprendrez, pas à pas, à changer de regard et à passer d’une manière de voir le monde centrée sur l’humain, à une vision qui prend aussi en compte la nature, le patrimoine, les générations futures&#8230;</p>



<p>Vous disposerez d&#8217;exemples concrets, de repères simples et d&#8217;outils pratiques pour vous permettre d&#8217;opérer ce changement dans vos pratiques.</p>



<p>Niveau 2 (6h)</p>



<p>Vous apprendrez ensuite à mettre en place un cadre d&#8217;écomédiation au sein de votre environnement ou de votre organisation (entreprises, territoires, écoles&#8230;). Vous saurez identifier les conditions nécessaires à la conduite d&#8217;une écomédiation et disposerez d&#8217;outils pour instaurer une Nouvelle Instance de Dialogue (NID) permettant un espace de dialogue sécurisé et hors du cadre.</p>
</details>
</details>



<p class="has-primary-color has-text-color has-link-color wp-elements-56d77039e2d933a95bf9dc53f5543478"><em>Prochaines dates :</em> 27 &#8211; 28 avril 2026 (en ligne)</p>



<div class="wp-block-buttons is-content-justification-center is-layout-flex wp-container-core-buttons-is-layout-a89b3969 wp-block-buttons-is-layout-flex">
<div class="wp-block-button"><a class="wp-block-button__link has-primary-color has-pale-ocean-gradient-background has-text-color has-background has-link-color wp-element-button" style="border-top-left-radius:100px;border-top-right-radius:100px;border-bottom-left-radius:100px;border-bottom-right-radius:100px">S&#8217;inscrire</a></div>
</div>



<div class="wp-block-group is-layout-constrained wp-block-group-is-layout-constrained">
<details class="wp-block-details has-primary-color has-text-color has-link-color wp-elements-7c721241dc16bff43397c56a1b38aeab is-layout-flow wp-block-details-is-layout-flow"><summary><strong>Devenir écociateurs</strong></summary>
<p>Niveau 3 : public expert </p>



<p>30h : 2 séminaires immersifs en présentiel (2,5j)</p>



<p>Tarif : 1500€ </p>



<p>Condition de participation : être formé à la facilitation ou à la médiation et être déjà initié à l&#8217;écomédiation (validation des niveaux 1 et 2)</p>



<p>Programme de 30h certifiant :</p>



<p>Obtention du Certificat d&#8217;écociateurs, intégration d&#8217;un réseau d&#8217;acteurs</p>



<p>Détails du contenu sur demande : ecociateurs@gmail.com</p>
</details>
</div>



<p class="has-primary-color has-text-color has-link-color wp-elements-6273cf4c7e29ee764e3cda32cc02e2ec">Prochaines dates en présentiel : 18 et 19 juin 2026 et 17-18 septembre 2026</p>



<hr class="wp-block-separator has-alpha-channel-opacity"/>



<p id="inscriptions">Pour vous inscrire, envoyez un email 10 jours avant le début de votre formation à ecociateurs@gmail.com.</p>



<p>Vous recevrez ensuite le contenu détaillé de la formation, les modalités de paiement et la validation de l’inscription.</p>



<p>[Pour les formations en présentiel, elles ne pourrons avoir lieu que si un minimum de 8 personnes s’y inscrivent]</p>



<p><em>Processus en ligne, ouvert et interactif&nbsp;: Des temps de questions et d’échanges viendront alimenter notre cheminement</em></p>



<p></p>

<p>Prochaine date : Vendredi 6 mars 2026 de 11h00 à 12h00 Prochaines dates : 27 &#8211; 28 avril 2026 (en ligne) Prochaines dates en présentiel : 18 et 19 juin 2026 et 17-18 septembre 2026 Pour vous inscrire, envoyez un email 10 jours avant le début de votre formation à ecociateurs@gmail.com. Vous recevrez ensuite le [&hellip;]</p>
