{"id":320,"date":"2024-05-17T13:04:10","date_gmt":"2024-05-17T11:04:10","guid":{"rendered":"http:\/\/ecociateurs.fr\/?page_id=320"},"modified":"2025-12-12T18:14:12","modified_gmt":"2025-12-12T17:14:12","slug":"decouvrir-leco-mediation","status":"publish","type":"page","link":"https:\/\/ecociateurs.fr\/index.php\/decouvrir-leco-mediation\/","title":{"rendered":"SE FORMER au dialogue humain &#8211; non-humain"},"content":{"rendered":"\n<div class=\"wp-block-media-text is-stacked-on-mobile\" style=\"grid-template-columns:46% auto\"><figure class=\"wp-block-media-text__media\"><img loading=\"lazy\" decoding=\"async\" width=\"827\" height=\"1024\" src=\"http:\/\/ecociateurs.fr\/wp-content\/uploads\/2024\/05\/oiseau-chantant-827x1024.jpeg\" alt=\"\" class=\"wp-image-330 size-full\" srcset=\"https:\/\/ecociateurs.fr\/wp-content\/uploads\/2024\/05\/oiseau-chantant-827x1024.jpeg 827w, https:\/\/ecociateurs.fr\/wp-content\/uploads\/2024\/05\/oiseau-chantant-242x300.jpeg 242w, https:\/\/ecociateurs.fr\/wp-content\/uploads\/2024\/05\/oiseau-chantant-768x951.jpeg 768w, https:\/\/ecociateurs.fr\/wp-content\/uploads\/2024\/05\/oiseau-chantant.jpeg 1080w\" sizes=\"auto, (max-width: 827px) 100vw, 827px\" \/><\/figure><div class=\"wp-block-media-text__content\">\n<p><br>Le vivant, c&#8217;est aller au-del\u00e0 de l&#8217;humain, pour toucher \u00e0 notre unit\u00e9 profonde. Celle qui nous relie tant \u00e0 notre milieu, nos territoires, qu&#8217;aux plantes, animaux, insectes et autres habitants visibles et invisibles qui peuplent notre monde.<p>Trop longtemps ignor\u00e9 lors de nos prises de d\u00e9cisions collectives d&#8217;am\u00e9nagement, d&#8217;urbanisme, d&#8217;expansions agricoles, le vivant s&#8217;\u00e9teint petit \u00e0 petit. La diversit\u00e9 biologique, la richesse de notre monde, est en chute libre. Qui veut d&#8217;une vie en noir et blanc?<\/p><\/p>\n<\/div><\/div>\n\n\n\n<p class=\"has-text-align-center has-large-font-size\">FORMATIONS 2026<\/p>\n\n\n\n<p class=\"has-text-align-center has-vivid-purple-color has-text-color has-link-color has-medium-font-size wp-elements-7b4b599a26e64df9162c2f1120471334\"><strong>Session de MARS-JUIN 2026<\/strong><\/p>\n\n\n\n<div class=\"wp-block-buttons is-content-justification-center is-layout-flex wp-container-core-buttons-is-layout-a89b3969 wp-block-buttons-is-layout-flex\">\n<div class=\"wp-block-button\"><a class=\"wp-block-button__link has-primary-color has-pale-ocean-gradient-background has-text-color has-background has-link-color wp-element-button\" href=\"https:\/\/ecociateurs.fr\/index.php\/formation-des-mediateurs-a-lecomediation\/\" style=\"border-style:none;border-width:0px;border-top-left-radius:99px;border-top-right-radius:99px;border-bottom-left-radius:99px;border-bottom-right-radius:99px;padding-top:var(--wp--preset--spacing--20);padding-right:var(--wp--preset--spacing--40);padding-bottom:var(--wp--preset--spacing--20);padding-left:var(--wp--preset--spacing--40)\">Vous \u00eates m\u00e9diateurs<\/a><\/div>\n\n\n\n<div class=\"wp-block-button\"><a class=\"wp-block-button__link has-primary-color has-pale-ocean-gradient-background has-text-color has-background has-link-color wp-element-button\" href=\"https:\/\/ecociateurs.fr\/index.php\/formation-tout-public\/\" style=\"border-style:none;border-width:0px;border-top-left-radius:99px;border-top-right-radius:99px;border-bottom-left-radius:99px;border-bottom-right-radius:99px;padding-top:var(--wp--preset--spacing--20);padding-right:var(--wp--preset--spacing--40);padding-bottom:var(--wp--preset--spacing--20);padding-left:var(--wp--preset--spacing--40)\">Formation tout public<\/a><\/div>\n<\/div>\n\n\n\n<p>Pour vous inscrire, envoyez un email avant le 20 f\u00e9vrier 2026 \u00e0 ecociateurs@gmail.com. <\/p>\n\n\n\n<p>Vous recevrez ensuite les modalit\u00e9s et \u00e9ch\u00e9ances de paiement et validation de l&#8217;inscription.<\/p>\n\n\n\n<p class=\"has-small-font-size\">[La formation aura lieu si un minimum de 4 personnes s&#8217;y inscrivent]<\/p>\n\n\n\n<p><em>Processus en ligne, ouvert et interactif&nbsp;: Des temps de questions et d\u2019\u00e9changes viendront alimenter notre cheminement<\/em><\/p>\n\n\n\n<hr class=\"wp-block-separator has-alpha-channel-opacity\"\/>\n\n\n\n<p class=\"has-text-align-center\">A VOS AGENDAS : JUIN 2024 !<\/p>\n\n\n\n<p>Comment mettre la m\u00e9diation au service du vivant ? On en discute ?<\/p>\n\n\n\n<div class=\"wp-block-media-text is-stacked-on-mobile\"><figure class=\"wp-block-media-text__media\"><img loading=\"lazy\" decoding=\"async\" width=\"797\" height=\"635\" src=\"http:\/\/ecociateurs.fr\/wp-content\/uploads\/2024\/06\/Capture-decran-85.png\" alt=\"\" class=\"wp-image-344 size-full\" srcset=\"https:\/\/ecociateurs.fr\/wp-content\/uploads\/2024\/06\/Capture-decran-85.png 797w, https:\/\/ecociateurs.fr\/wp-content\/uploads\/2024\/06\/Capture-decran-85-300x239.png 300w, https:\/\/ecociateurs.fr\/wp-content\/uploads\/2024\/06\/Capture-decran-85-768x612.png 768w\" sizes=\"auto, (max-width: 797px) 100vw, 797px\" \/><\/figure><div class=\"wp-block-media-text__content\">\n<p>Lien du webinaire :<\/p>\n\n\n\n<p><a href=\"https:\/\/us02web.zoom.us\/j\/82899225119?pwd=cg9TBwpWV7zTnqblbeCStJ2uyjxqba.1\" target=\"_blank\" rel=\"noreferrer noopener\">https:\/\/us02web.zoom.us\/j\/82899225119?pwd=cg9TBwpWV7zTnqblbeCStJ2uyjxqba.1<\/a><\/p>\n\n\n\n<p>ID de r\u00e9union: 828 9922 5119<br>Code secret: 790337<\/p>\n<\/div><\/div>\n\n\n\n<figure class=\"wp-block-image size-full\"><img loading=\"lazy\" decoding=\"async\" width=\"548\" height=\"775\" src=\"http:\/\/ecociateurs.fr\/wp-content\/uploads\/2024\/05\/Capture-decran-74.png\" alt=\"\" class=\"wp-image-326\" srcset=\"https:\/\/ecociateurs.fr\/wp-content\/uploads\/2024\/05\/Capture-decran-74.png 548w, https:\/\/ecociateurs.fr\/wp-content\/uploads\/2024\/05\/Capture-decran-74-212x300.png 212w\" sizes=\"auto, (max-width: 548px) 100vw, 548px\" \/><\/figure>\n\n\n\n<p>Si vous souhaitez aller plus loin et vous former \u00e0 l&#8217;\u00e9co-m\u00e9diation, voici quelques dates de formation en juin 2024, les prochaines seront en septembre 2024 avec un programme riche et prometteur !<\/p>\n\n\n\n<figure class=\"wp-block-image size-full\"><img loading=\"lazy\" decoding=\"async\" width=\"547\" height=\"773\" src=\"http:\/\/ecociateurs.fr\/wp-content\/uploads\/2024\/05\/Capture-decran-72.png\" alt=\"\" class=\"wp-image-321\" srcset=\"https:\/\/ecociateurs.fr\/wp-content\/uploads\/2024\/05\/Capture-decran-72.png 547w, https:\/\/ecociateurs.fr\/wp-content\/uploads\/2024\/05\/Capture-decran-72-212x300.png 212w\" sizes=\"auto, (max-width: 547px) 100vw, 547px\" \/><\/figure>\n\n\n\n<p><\/p>\n","protected":false},"excerpt":{"rendered":"<p>Le vivant, c&#8217;est aller au-del\u00e0 de l&#8217;humain, pour toucher \u00e0 notre unit\u00e9 profonde. Celle qui nous relie tant \u00e0 notre milieu, nos territoires, qu&#8217;aux plantes, animaux, insectes et autres habitants visibles et invisibles qui peuplent notre monde. Trop longtemps ignor\u00e9 lors de nos prises de d\u00e9cisions collectives d&#8217;am\u00e9nagement, d&#8217;urbanisme, d&#8217;expansions agricoles, le vivant s&#8217;\u00e9teint petit [&hellip;]<\/p>\n","protected":false},"author":2,"featured_media":0,"parent":0,"menu_order":0,"comment_status":"closed","ping_status":"closed","template":"","meta":{"footnotes":""},"class_list":["post-320","page","type-page","status-publish","hentry"],"_links":{"self":[{"href":"https:\/\/ecociateurs.fr\/index.php\/wp-json\/wp\/v2\/pages\/320","targetHints":{"allow":["GET"]}}],"collection":[{"href":"https:\/\/ecociateurs.fr\/index.php\/wp-json\/wp\/v2\/pages"}],"about":[{"href":"https:\/\/ecociateurs.fr\/index.php\/wp-json\/wp\/v2\/types\/page"}],"author":[{"embeddable":true,"href":"https:\/\/ecociateurs.fr\/index.php\/wp-json\/wp\/v2\/users\/2"}],"replies":[{"embeddable":true,"href":"https:\/\/ecociateurs.fr\/index.php\/wp-json\/wp\/v2\/comments?post=320"}],"version-history":[{"count":18,"href":"https:\/\/ecociateurs.fr\/index.php\/wp-json\/wp\/v2\/pages\/320\/revisions"}],"predecessor-version":[{"id":528,"href":"https:\/\/ecociateurs.fr\/index.php\/wp-json\/wp\/v2\/pages\/320\/revisions\/528"}],"wp:attachment":[{"href":"https:\/\/ecociateurs.fr\/index.php\/wp-json\/wp\/v2\/media?parent=320"}],"curies":[{"name":"wp","href":"https:\/\/api.w.org\/{rel}","templated":true}]}}

<div class="wp-block-media-text is-stacked-on-mobile" style="grid-template-columns:46% auto"><figure class="wp-block-media-text__media"><img loading="lazy" decoding="async" width="827" height="1024" src="http://ecociateurs.fr/wp-content/uploads/2024/05/oiseau-chantant-827x1024.jpeg" alt="" class="wp-image-330 size-full" srcset="https://ecociateurs.fr/wp-content/uploads/2024/05/oiseau-chantant-827x1024.jpeg 827w, https://ecociateurs.fr/wp-content/uploads/2024/05/oiseau-chantant-242x300.jpeg 242w, https://ecociateurs.fr/wp-content/uploads/2024/05/oiseau-chantant-768x951.jpeg 768w, https://ecociateurs.fr/wp-content/uploads/2024/05/oiseau-chantant.jpeg 1080w" sizes="auto, (max-width: 827px) 100vw, 827px" /></figure><div class="wp-block-media-text__content">
<p><br>Le vivant, c&#8217;est aller au-delà de l&#8217;humain, pour toucher à notre unité profonde. Celle qui nous relie tant à notre milieu, nos territoires, qu&#8217;aux plantes, animaux, insectes et autres habitants visibles et invisibles qui peuplent notre monde.<p>Trop longtemps ignoré lors de nos prises de décisions collectives d&#8217;aménagement, d&#8217;urbanisme, d&#8217;expansions agricoles, le vivant s&#8217;éteint petit à petit. La diversité biologique, la richesse de notre monde, est en chute libre. Qui veut d&#8217;une vie en noir et blanc?</p></p>
</div></div>



<p class="has-text-align-center has-large-font-size">FORMATIONS 2026</p>



<p class="has-text-align-center has-vivid-purple-color has-text-color has-link-color has-medium-font-size wp-elements-7b4b599a26e64df9162c2f1120471334"><strong>Session de MARS-JUIN 2026</strong></p>



<div class="wp-block-buttons is-content-justification-center is-layout-flex wp-container-core-buttons-is-layout-a89b3969 wp-block-buttons-is-layout-flex">
<div class="wp-block-button"><a class="wp-block-button__link has-primary-color has-pale-ocean-gradient-background has-text-color has-background has-link-color wp-element-button" href="https://ecociateurs.fr/index.php/formation-des-mediateurs-a-lecomediation/" style="border-style:none;border-width:0px;border-top-left-radius:99px;border-top-right-radius:99px;border-bottom-left-radius:99px;border-bottom-right-radius:99px;padding-top:var(--wp--preset--spacing--20);padding-right:var(--wp--preset--spacing--40);padding-bottom:var(--wp--preset--spacing--20);padding-left:var(--wp--preset--spacing--40)">Vous êtes médiateurs</a></div>



<div class="wp-block-button"><a class="wp-block-button__link has-primary-color has-pale-ocean-gradient-background has-text-color has-background has-link-color wp-element-button" href="https://ecociateurs.fr/index.php/formation-tout-public/" style="border-style:none;border-width:0px;border-top-left-radius:99px;border-top-right-radius:99px;border-bottom-left-radius:99px;border-bottom-right-radius:99px;padding-top:var(--wp--preset--spacing--20);padding-right:var(--wp--preset--spacing--40);padding-bottom:var(--wp--preset--spacing--20);padding-left:var(--wp--preset--spacing--40)">Formation tout public</a></div>
</div>



<p>Pour vous inscrire, envoyez un email avant le 20 février 2026 à ecociateurs@gmail.com. </p>



<p>Vous recevrez ensuite les modalités et échéances de paiement et validation de l&#8217;inscription.</p>



<p class="has-small-font-size">[La formation aura lieu si un minimum de 4 personnes s&#8217;y inscrivent]</p>



<p><em>Processus en ligne, ouvert et interactif&nbsp;: Des temps de questions et d’échanges viendront alimenter notre cheminement</em></p>



<hr class="wp-block-separator has-alpha-channel-opacity"/>



<p class="has-text-align-center">A VOS AGENDAS : JUIN 2024 !</p>



<p>Comment mettre la médiation au service du vivant ? On en discute ?</p>



<div class="wp-block-media-text is-stacked-on-mobile"><figure class="wp-block-media-text__media"><img loading="lazy" decoding="async" width="797" height="635" src="http://ecociateurs.fr/wp-content/uploads/2024/06/Capture-decran-85.png" alt="" class="wp-image-344 size-full" srcset="https://ecociateurs.fr/wp-content/uploads/2024/06/Capture-decran-85.png 797w, https://ecociateurs.fr/wp-content/uploads/2024/06/Capture-decran-85-300x239.png 300w, https://ecociateurs.fr/wp-content/uploads/2024/06/Capture-decran-85-768x612.png 768w" sizes="auto, (max-width: 797px) 100vw, 797px" /></figure><div class="wp-block-media-text__content">
<p>Lien du webinaire :</p>



<p><a href="https://us02web.zoom.us/j/82899225119?pwd=cg9TBwpWV7zTnqblbeCStJ2uyjxqba.1" target="_blank" rel="noreferrer noopener">https://us02web.zoom.us/j/82899225119?pwd=cg9TBwpWV7zTnqblbeCStJ2uyjxqba.1</a></p>



<p>ID de réunion: 828 9922 5119<br>Code secret: 790337</p>
</div></div>



<figure class="wp-block-image size-full"><img loading="lazy" decoding="async" width="548" height="775" src="http://ecociateurs.fr/wp-content/uploads/2024/05/Capture-decran-74.png" alt="" class="wp-image-326" srcset="https://ecociateurs.fr/wp-content/uploads/2024/05/Capture-decran-74.png 548w, https://ecociateurs.fr/wp-content/uploads/2024/05/Capture-decran-74-212x300.png 212w" sizes="auto, (max-width: 548px) 100vw, 548px" /></figure>



<p>Si vous souhaitez aller plus loin et vous former à l&#8217;éco-médiation, voici quelques dates de formation en juin 2024, les prochaines seront en septembre 2024 avec un programme riche et prometteur !</p>



<figure class="wp-block-image size-full"><img loading="lazy" decoding="async" width="547" height="773" src="http://ecociateurs.fr/wp-content/uploads/2024/05/Capture-decran-72.png" alt="" class="wp-image-321" srcset="https://ecociateurs.fr/wp-content/uploads/2024/05/Capture-decran-72.png 547w, https://ecociateurs.fr/wp-content/uploads/2024/05/Capture-decran-72-212x300.png 212w" sizes="auto, (max-width: 547px) 100vw, 547px" /></figure>



<p></p>

<p>Le vivant, c&#8217;est aller au-delà de l&#8217;humain, pour toucher à notre unité profonde. Celle qui nous relie tant à notre milieu, nos territoires, qu&#8217;aux plantes, animaux, insectes et autres habitants visibles et invisibles qui peuplent notre monde. Trop longtemps ignoré lors de nos prises de décisions collectives d&#8217;aménagement, d&#8217;urbanisme, d&#8217;expansions agricoles, le vivant s&#8217;éteint petit [&hellip;]</p>
